- 7. Let q(y) = 11*y**2 + 10*y + 13. Let v(f) = 5*g(f) + 3*q(f). Let j = 184 - 188. What is the tens digit of v(j)?
3
Suppose 2*z - 4 = 14. Let r(x) = 4*x - 4. What is the units digit of r(z)?
2
Let a = 15 + -224. Let y = 303 + a. What is the tens digit of y?
9
Let n = -1 - -2. Let l(r) be the first derivative of 4*r**3 - r**2 + r - 13. What is the tens digit of l(n)?
1
Let j = 662 - 443. What is the units digit of j?
9
What is the units digit of ((-25)/(-125))/(1/1795)?
9
Suppose -4*n = 16, -2*t + 1618 - 130 = -5*n. What is the hundreds digit of t?
7
Let i = 61 + 41. What is the hundreds digit of i?
1
Suppose -5*m = -4*x - 30, m + 0*x = 2*x + 12. Let s(v) = v - 2. Let b be s(m). Suppose 4*k + 0*k - 96 = b. What is the tens digit of k?
2
Let o be (3 - 5) + (3 - -2). Suppose -o*n = -52 + 10. What is the tens digit of n?
1
What is the units digit of 505/404*(-1808)/(-2)?
0
Let r be 345/7 - (-2)/(-7). Suppose -38*n + 120 = -34*n. Let j = r - n. What is the tens digit of j?
1
Let l(w) = 5*w**2 + 3*w + 2. Let s be l(-1). Suppose 2*t - 39 = 3*j, -s*j + 72 - 24 = 4*t. What is the tens digit of t?
1
Suppose -3*u = -6, -5*s + 32 = -s + 2*u. Suppose -3*i = -15, -2*y = 2*y - 3*i + s. Suppose -2*k = -4*x - k + 99, -3*x + 66 = y*k. What is the tens digit of x?
2
Suppose -r + 1583 = w, w = -r + 6*r - 7903. What is the tens digit of r?
8
Suppose 408*y = 403*y + 1510. What is the hundreds digit of y?
3
Let a be (-3)/((-3)/(-1)) - -228. Suppose -a = -4*q + 53. What is the units digit of q?
0
Let w be ((-24)/60)/(1/330). Let u = w - -229. What is the tens digit of u?
9
Let u(a) = -a**2 - 72*a + 29. What is the thousands digit of u(-40)?
1
Let c(j) be the second derivative of j**3/6 + 15*j**2 + 7*j. What is the tens digit of c(5)?
3
Let u(a) = 4*a - 11. Let g be u(5). Suppose -s + 3 = -g. What is the tens digit of (148/s)/((-2)/(-6))?
3
Suppose 2*o - 4 = -0*o. Suppose -4*k + 3*d - 5*d = -12, 3*d - 10 = -o*k. Suppose 5*u + 41 = 3*s, k*u - 120 = -2*s - 3*s. What is the tens digit of s?
2
Suppose 2*f - 199 = 5647. What is the hundreds digit of f?
9
Suppose o - 5*k - 384 = 0, o = 2*k - 5*k + 416. Let b = 576 - o. What is the units digit of b?
2
Suppose w - 2899 = -4*l, -3*w + 18 = 9. What is the units digit of l?
4
Let z(l) = 234*l + 14. Let w be z(4). Suppose 7*j = 17*j - w. What is the tens digit of j?
9
Suppose 5*x = -2*y + 200 + 44, y = -4*x + 194. Suppose -z + 2 = -4*u - 7, 5*u + x = -4*z. Let c(l) = l**2 + 6*l + 10. What is the tens digit of c(z)?
1
Let d(y) = -10 + 0 + 5*y + 12. What is the units digit of d(13)?
7
Suppose u - 37 + 33 = 0, -4*u = 2*o - 782. What is the units digit of o?
3
Suppose -2*z + 2*u + 2165 + 1283 = 0, 2*z - 4*u = 3450. What is the tens digit of z?
2
Let t(w) = w + 5. Let r be t(-3). Suppose -r*i + 16 = -6*i. What is the units digit of 9 + i + (-3)/(-3)?
6
Let n be (6/(-7))/(13/(-91)). Suppose -3*o - 66 = -n*o. Let d = o - -42. What is the units digit of d?
4
Suppose -12*i - 45240 = -36*i. What is the hundreds digit of i?
8
Let n = 363 - -552. What is the units digit of n?
5
Let k = 192 - -41. Suppose b + 5*h - 273 = 0, -4*b + 3*h + 1348 = k. What is the hundreds digit of b?
2
Suppose 5*t - 15 - 5 = 0. Suppose 318 = t*j - 42. What is the units digit of j?
0
Suppose -417*i + 428*i = 3674. What is the tens digit of i?
3
Let n(o) = -5*o + 20. Let j be n(5). What is the tens digit of 1*4 - (-18 - j)?
1
Let t = -31 - -19. Let v = t + 18. Suppose v*y - y = 185. What is the tens digit of y?
3
Let f be 6 - 5 - (2 - -21). Let o = f + 13. Let h = 15 + o. What is the units digit of h?
6
Suppose u = 5*f + 102, -3*f = -4*u + 399 - 8. Let n = -45 + u. What is the tens digit of n?
5
Let y(f) = f**2 - 7*f - 2. Suppose 36 = 3*k - 2*j, 3*k + j - 36 = -0*j. What is the units digit of y(k)?
8
Suppose -6*c + c = -5*z + 30, -4*c = z + 4. Suppose -3*q + 1 = 2*j, 0 = 3*q - z*j + j - 21. Let m = 21 + q. What is the units digit of m?
4
Let z(c) = 12*c**2 - 6*c + 19. Let t be z(5). Let h = -137 + t. What is the hundreds digit of h?
1
Suppose 2*n - 12 = 3*o + 24, 0 = -3*o - 12. Let h(i) = i**2 - 12*i + 12. What is the tens digit of h(n)?
1
Let b = -26 + 153. Suppose -2*z + 349 = b. What is the units digit of z?
1
Suppose 5*q = -4*m + 5, 0 = 2*m - 3*q + q - 16. Suppose -h + 8 = -m*h. What is the units digit of h/(-8)*-2*-14?
7
What is the tens digit of (-30)/(-5) + 168 + 8?
8
Suppose 0 = 13*n - 3972 - 2762. What is the units digit of n?
8
Let z(t) = -t**3 + 2*t**2 - 2*t + 41. Let c be z(0). Suppose -3*n + 3*g - 77 = -5*n, 0 = n - g - c. What is the tens digit of n?
4
Suppose w = 14 - 11. What is the units digit of (-291)/(-12) + -2 - w/12?
2
Let y(o) = -o - 23. Let l be y(-14). Let g = 12 - l. What is the tens digit of g?
2
Suppose 3*x - 165 = 3*q, -4*q = -3*q - 4*x + 58. Let n be q/(-4)*8/3. Suppose -5*j + n = -204. What is the tens digit of j?
4
Suppose 4*s - 5*r = 25, -4*r - 5 = r. Suppose 4*c - s*a = -45, c + c - 5*a + 35 = 0. What is the units digit of (-1)/(-5) + (-119)/c?
4
Let v = 10 + -17. Let d = 3 + v. Let b = 16 + d. What is the units digit of b?
2
Let r = 5 + -14. Let m(o) = -3*o + 4. Let y(i) = 2. Let z(g) = m(g) - 3*y(g). What is the tens digit of z(r)?
2
What is the units digit of -6 + 259 + -9 + 11?
5
Let w be 4 + (-4)/(-4) + -5. Suppose w = -0*j + 2*j. Suppose -2*q - 2*i + 74 = 3*i, -2*q - 4*i + 78 = j. What is the tens digit of q?
4
Let g(x) = x - 4*x**2 - 5 + 6 + 3 + 3. What is the units digit of g(0)?
7
Let m(l) be the third derivative of l**6/40 + l**5/60 - l**4/24 + l**3/6 - 2*l**2. Let u be m(-2). Let q(g) = -g + 6. What is the tens digit of q(u)?
2
Let q be (-25)/(-10)*(-8)/(-10). Suppose q*l = l - 130. Let f = 186 + l. What is the tens digit of f?
5
Let t(i) = -22*i - 23. What is the hundreds digit of t(-15)?
3
Suppose 0*c + 203 = c. What is the hundreds digit of c?
2
Suppose -z + 5*z + 3*n = 944, 3*n + 687 = 3*z. Let d = z + -89. What is the tens digit of d?
4
Suppose 3*c = j + 2 + 14, 2*j + 2 = 0. Suppose -d = 4*y - 59, -y + 16 + 355 = c*d. What is the units digit of d?
5
Let h(k) = k**2 + 2*k - 3. Let y be h(-3). Suppose s + 18 - 4 = y. Let g = 19 + s. What is the units digit of g?
5
Let o(r) = 4*r**2 + 7*r + 4. Let c be o(-8). Suppose -4*q - 2*x + c = 0, 5*q - 48 - 208 = -2*x. What is the units digit of q?
2
Let v(m) = -3*m**2 - 6*m + 5. Let a be v(5). What is the units digit of a/(-2) + 5 + -5?
0
Let a = -24 + 24. What is the tens digit of (-1 - a)/(2/(-68))?
3
Suppose 1181 = c + 5*w + 115, -3*c + 4*w + 3217 = 0. What is the thousands digit of c?
1
Suppose -k - 1384 + 2072 = 0. What is the hundreds digit of k?
6
Let f = 8998 + -4442. What is the thousands digit of f?
4
Let z = 9701 + -6369. What is the units digit of z?
2
Let f(q) = 2 - 12*q + 4 - 3*q**2 - 1 + 2*q**2. Let x be f(-12). Suppose -76 = -x*k + k. What is the units digit of k?
9
Let r(f) = f + 7. Let z be r(-3). Suppose 13 + 23 = 2*c. Suppose z*i = 5*i - c. What is the units digit of i?
8
Let g = 26 + -21. Suppose 0 = -u - 7*t + 2*t + 167, -4*u = -g*t - 793. What is the units digit of u?
2
Let k(b) = -2*b**3 + 7*b**2 - 4*b + 13. Let g be k(6). Let p = 306 + g. What is the tens digit of p?
1
Let x(y) = -19*y - 14. Let k be x(-11). Suppose -3*w + k = -141. Suppose -2*t + w = -0*t. What is the units digit of t?
6
Let v = 95 + -355. What is the hundreds digit of (v/3)/(11/(-33))?
2
Let r(d) = -3*d**3 + 32*d**2 - 18*d + 11. What is the units digit of r(9)?
4
Let q = 0 + -2. Let z = -56 - -47. Let l = q - z. What is the units digit of l?
7
Let y be ((-22)/(-11) - 22/4)*2. What is the units digit of (17 - -2) + 7 + (y - -3)?
2
Let h = 129 - 124. What is the hundreds digit of 868/h - 3/20*4?
1
Let k(s) = -s**3 + 12*s**2 + 37*s + 8. What is the units digit of k(11)?
6
Let v(a) = 1230*a - 24. Let g be v(-4). What is the units digit of ((-3)/(-12))/(4*(-3)/g)?
3
Let w = 2704 + -1395. What is the units digit of w?
9
Suppose 2*i = -3*g + 362, -5*i + 55 = -g + 187. What is the tens digit of g?
2
Let u = -10 - -4. Let l be 2162/(-9) - u/27. What is the units digit of 2/6 + l/(-9)?
7
Let m be (12 - 3) + (1 - 1). Let t = 12 - m. Suppose t*s + 24 = 7*s. What is the units digit of s?
6
Let x(j) = -j + j**3 - 4 - 2 - 5*j + 5*j**2 + j. What is the tens digit of x(-5)?
1
Suppose 13 = -q - 1